y 92.
50
What is the remainder when 4156 is divided by 42?
40
What is the remainder when 820 is divided by 104?
92
What is the remainder when 117 is divided by 113?
4
Calculate the remainder when 313 is divided by 62.
3
What is the remainder when 4416 is divided by 20?
16
What is the remainder when 4554 is divided by 21?
18
Calculate the remainder when 103 is divided by 41.
21
What is the remainder when 15 is divided by 10?
5
What is the remainder when 36 is divided by 17?
2
Calculate the remainder when 4893 is divided by 38.
29
What is the remainder when 19 is divided by 11?
8
Calculate the remainder when 636 is divided by 15.
6
Calculate the remainder when 29590 is divided by 137.
135
Calculate the remainder when 120 is divided by 18.
12
What is the remainder when 2833 is divided by 1404?
25
Calculate the remainder when 259 is divided by 66.
61
Calculate the remainder when 92 is divided by 26.
14
Calculate the remainder when 4162 is divided by 2080.
2
What is the remainder when 802 is divided by 48?
34
What is the remainder when 3703 is divided by 247?
245
What is the remainder when 217 is divided by 68?
13
Calculate the remainder when 93 is divided by 41.
11
What is the remainder when 152 is divided by 11?
9
What is the remainder when 417 is divided by 70?
67
What is the remainder when 143 is divided by 8?
7
Calculate the remainder when 93 is divided by 47.
46
Calculate the remainder when 68 is divided by 7.
5
Calculate the remainder when 110684 is divided by 471.
470
What is the remainder when 76 is divided by 40?
36
What is the remainder when 49 is divided by 7?
0
Calculate the remainder when 2477 is divided by 130.
7
What is the remainder when 1454 is divided by 81?
77
Calculate the remainder when 682 is divided by 38.
36
What is the remainder when 59 is divided by 39?
20
Calculate the remainder when 747 is divided by 75.
72
Calculate the remainder when 292 is divided by 43.
34
Calculate the remainder when 2142 is divided by 143.
140
What is the remainder when 109 is divided by 16?
13
Calculate the remainder when 4408 is divided by 90.
88
What is the remainder when 3130 is divided by 18?
16
What is the remainder when 304 is divided by 64?
48
Calculate the remainder when 14 is divided by 5.
4
What is the remainder when 368 is divided by 9?
8
Calculate the remainder when 157 is divided by 22.
3
Calculate the remainder when 1562 is divided by 36.
14
What is the remainder when 282 is divided by 152?
130
Calculate the remainder when 153 is divided by 14.
13
What is the remainder when 105 is divided by 38?
29
What is the remainder when 593 is divided by 9?
8
What is the remainder when 109 is divided by 28?
25
Calculate the remainder when 1009 is divided by 250.
9
Calculate the remainder when 640 is divided by 319.
2
Calculate the remainder when 499 is divided by 56.
51
Calculate the remainder when 543 is divided by 17.
16
Calculate the remainder when 932 is divided by 72.
68
What is the remainder when 719 is divided by 121?
114
Calculate the remainder when 52 is divided by 48.
4
What is the remainder when 146 is divided by 62?
22
Calculate the remainder when 256 is divided by 173.
83
Calculate the remainder when 477 is divided by 80.
77
Calculate the remainder when 289 is divided by 142.
5
Calculate the remainder when 2858 is divided by 4.
2
Calculate the remainder when 100 is divided by 31.
7
What is the remainder when 672 is divided by 7?
0
What is the remainder when 8063 is divided by 128?
127
What is the remainder when 1233 is divided by 1114?
119
What is the remainder when 79 is divided by 51?
28
What is the remainder when 191 is divided by 48?
47
Calculate the remainder when 271 is divided by 52.
11
Calculate the remainder when 173 is divided by 3.
2
What is the remainder when 2337 is divided by 36?
33
What is the remainder when 411 is divided by 142?
127
What is the remainder when 311 is divided by 187?
124
Calculate the remainder when 61 is divided by 40.
21
Calculate the remainder when 193 is divided by 13.
11
What is the remainder when 1810 is divided by 261?
244
What is the remainder when 4013 is divided by 1993?
27
What is the remainder when 522 is divided by 160?
42
Calculate the remainder when 173 is divided by 33.
8
Calculate the remainder when 116 is divided by 9.
8
What is the remainder when 125 is divided by 10?
5
What is the remainder when 364 is divided by 8?
4
Calculate the remainder when 206 is divided by 19.
16
Calculate the remainder when 234 is divided by 71.
21
What is the remainder when 142 is divided by 135?
7
What is the remainder when 255 is divided by 20?
15
What is the remainder when 327 is divided by 15?
12
What is the remainder when 604 is divided by 121?
120
What is the remainder when 1023 is divided by 103?
96
Calculate the remainder when 242 is divided by 25.
17
Calculate the remainder when 26 is divided by 13.
0
Calculate the remainder when 980 is divided by 57.
11
Calculate the remainder when 1023 is divided by 114.
111
What is the remainder when 23 is divided by 16?
7
What is the remainder when 9976 is divided by 17?
14
Calculate the remainder when 276 is divided by 187.
89
What is the remainder when 106 is divided by 28?
22
What is the remainder when 133 is divided by 19?
0
Calculate the remainder when 137 is divided by 10.
7
Calculate the remainder when 81 is divided by 9.
0
What is the remainder when 958 is divided by 15?
13
Calculate the remainder when 254 is divided by 128.
126
Calculate the remainder when 793 is divided by 101.
86
Calculate the remainder when 166 is divided by 48.
22
Calculate the remainder when 2908 is divided by 725.
8
What is the remainder when 14120 is divided by 132?
128
What is the remainder when 714 is divided by 73?
57
Calculate the remainder when 109 is divided by 29.
22
Calculate the remainder when 46 is divided by 32.
14
What is the remainder when 14869 is divided by 169?
166
Calculate the remainder when 40 is divided by 9.
4
Calculate the remainder when 1617 is divided by 67.
9
Calculate the remainder when 1212 is divided by 81.
78
Calculate the remainder when 56 is divided by 9.
2
What is the remainder when 62 is divided by 4?
2
What is the remainder when 530 is divided by 20?
10
Calculate the remainder when 7004 is divided by 61.
50
Calculate the remainder when 1169 is divided by 50.
19
Calculate the remainder when 321 is divided by 36.
33
What is the remainder when 61 is divided by 11?
6
What is the remainder when 111 is divided by 57?
54
Calculate the remainder when 3521 is divided by 25.
21
What is the remainder when 1301 is divided by 7?
6
Calculate the remainder when 6981 is divided by 72.
69
What is the remainder when 62 is divided by 19?
5
What is the remainder when 191 is divided by 12?
11
What is the remainder when 32 is divided by 17?
15
Calculate the remainder when 163 is divided by 10.
3
What is the remainder when 173 is divided by 105?
68
What is the remainder when 209 is divided by 61?
26
Calculate the remainder when 722 is divided by 12.
2
Calculate the remainder when 404 is divided by 29.
27
What is the remainder when 266 is divided by 107?
52
What is the remainder when 498 is divided by 5?
3
Calculate the remainder when 181 is divided by 20.
1
What is the remainder when 1866 is divided by 75?
66
Calculate the remainder when 7 is divided by 1.
0
What is the remainder when 70 is divided by 28?
14
What is the remainder when 526 is divided by 96?
46
Calculate the remainder when 61 is divided by 26.
9
Calculate the remainder when 49 is divided by 23.
3
Calculate the remainder when 808 is divided by 136.
128
Calculate the remainder when 56 is divided by 31.
25
Calculate the remainder when 239 is divided by 86.
67
Calculate the remainder when 659 is divided by 45.
29
Calculate the remainder when 138 is divided by 20.
18
What is the remainder when 313 is divided by 137?
39
What is the remainder when 99 is divided by 4?
3
Calculate the remainder when 76 is divided by 10.
6
What is the remainder when 60 is divided by 45?
15
Calculate the remainder when 8593 is divided by 20.
13
What is the remainder when 162 is divided by 34?
26
What is the remainder when 2973 is divided by 20?
13
Calculate the remainder when 6 is divided by 4.
2
What is the remainder when